 13
Let x = 4276 + 3396. What are the prime factors of x?
2, 7, 137
Let z(l) = -4*l**2 - 6*l - 51. Let m be z(-8). Let w = m + 378. What are the prime factors of w?
7, 17
Suppose -38*v = 4*q - 34*v - 24716, 0 = 5*v - 20. List the prime factors of q.
5, 13, 19
Suppose 10 = 12*f - 10*f. Let u(s) = 24*s + 67. List the prime factors of u(f).
11, 17
Let u be (657/(-36))/((-1)/(-4)). Let s = -94 - u. What are the prime factors of (-6)/s - 2976/(-21)?
2, 71
Let g(h) be the first derivative of -3*h**2/2 + 160*h - 100. What are the prime factors of g(11)?
127
Let z(t) = 2*t. Let k be z(3). Suppose -12*d = -k*d - 8052. What are the prime factors of d?
2, 11, 61
Suppose 0 = 2*s + 27*k - 28*k - 977, k = -s + 481. What are the prime factors of s?
2, 3
Let o(s) = s**2 - 170*s + 2477. Let v be o(16). Let i(y) be the first derivative of 19*y**2/2 - 6*y - 1. What are the prime factors of i(v)?
241
Let k = -34177 - -83947. What are the prime factors of k?
2, 3, 5, 7, 79
Suppose 88*o = 47*o + 1144720. What are the prime factors of o?
2, 5, 349
Suppose -21*p = 33 + 9. Let f(l) = -71*l**3 - 5*l**2 - 4*l + 6. List the prime factors of f(p).
2, 281
Suppose 14*c + 84981 - 157300 - 362003 = 0. What are the prime factors of c?
3, 383
List the prime factors of (858/130)/(9/5865).
11, 17, 23
Let p = 29022 - -12428. List the prime factors of p.
2, 5, 829
Let o = 11051 - -5466. What are the prime factors of o?
83, 199
Let u = 21 - 19. Suppose 326 = u*n - 764. List the prime factors of n.
5, 109
List the prime factors of -26939*(1/(-2) + 8/(-16)).
11, 31, 79
Suppose 3*c - 6*v - 9 = -3*v, 0 = v - 1. Suppose 0 = -5*x - c*s + 3655, 1438 + 24 = 2*x - s. List the prime factors of x.
17, 43
What are the prime factors of 26/2 - (-75 - 6539)?
3, 47
Suppose 3*o - o = -16. Let g(i) be the second derivative of i**4/12 - 19*i**2/2 - 2*i - 15. List the prime factors of g(o).
3, 5
Let y(h) = 7662*h**2 + 2*h + 2. What are the prime factors of y(1)?
2, 3833
Let z be (-26)/91 + 152/(-7). Let g(w) = w**2 - 7*w - 32. Let y be g(-6). Let d = y + z. What are the prime factors of d?
2, 3
Let h(a) = a**3 + 56*a**2 - 119*a - 27. What are the prime factors of h(-32)?
7, 4051
Let q(k) be the first derivative of k**3/3 + 11*k**2 + 23*k + 29. Let b be q(-21). Suppose b*f - 322 = -66. List the prime factors of f.
2
Suppose 1087 = -a + 3050. Let u = a - 802. List the prime factors of u.
3, 43
Let j be (0/3 + (-1)/2)*30. Let i(x) = -x**2 - 17*x - 30. Let l be i(j). Suppose 2*g = -l*g + 132. List the prime factors of g.
2, 3, 11
Let w(m) = 2*m + 47. Let k(s) = -2*s - 8. Let z be k(5). Let q be w(z). Let i = 172 - q. What are the prime factors of i?
7, 23
Let i(v) = 9*v**2 - 4*v + 15*v**2 - 7 - 125*v**3 + 45*v**3 + 11*v**2 - 38*v**2. What are the prime factors of i(-2)?
17, 37
What are the prime factors of (-10473*4)/1*(3995/(-94))/85?
2, 3, 3491
Suppose 2*o - x - 17941 = -3*o, 3*o - 10759 = -5*x. List the prime factors of o.
2, 3, 13, 23
Let q(m) = 4*m - 16. Let s be q(5). What are the prime factors of (-2 + 120)*(1 - (-6)/s)?
5, 59
Suppose 0*n + 539 = -n. Let f = -192 - n. List the prime factors of f.
347
Suppose -5*m - 17 = 3. Let r(d) = -12*d**3 + 3*d**2 + 4*d + 14. List the prime factors of r(m).
2, 11, 37
Let d = 99558 + -23121. List the prime factors of d.
3, 19, 149
Let y(b) = 4*b**3 + 8*b**2 + 122*b + 31. List the prime factors of y(14).
3, 23
Suppose -141*j + 716766 = -58*j - 15958. What are the prime factors of j?
2, 2207
Let o(r) = r**2 + 63*r - 273. What are the prime factors of o(81)?
3, 3797
Let a = -1872 + 69415. List the prime factors of a.
7, 9649
Let y be (-23980)/(-28) + 8/14. Let s = -292 + y. What are the prime factors of s?
5, 113
Let z be 11/55 - (-1444)/(-20). Let g = 575 + z. What are the prime factors of g?
503
Let o = 11 - -32. Let a = 60 - o. What are the prime factors of 4199/a - 0/2?
13, 19
Let x(m) = 1599*m - 874. What are the prime factors of x(5)?
7121
Let q(y) = -6773*y**3 + 3*y**2 - 2*y - 6. What are the prime factors of q(-1)?
2, 1693
Let f(p) be the first derivative of p**4/4 + 3*p**3 - p**2/2 - 11*p + 71. List the prime factors of f(-6).
103
Let n(s) = -46632*s + 619. List the prime factors of n(-1).
47251
Let q(a) = 319*a + 59. Let m = -94 - -100. Let t be q(m). Suppose -t = -16*x + 11. List the prime factors of x.
2, 31
Suppose 134*p - 92*p - 612444 = 0. What are the prime factors of p?
2, 23, 317
Let z be (-28)/10*(-5)/2. Suppose 0 = z*o - 8 - 384. Let k = -53 + o. What are the prime factors of k?
3
Let s(j) = j**3 - j + 3. Suppose 6*r = 4*r - 5*y + 24, -2*r + 5*y = 16. Let n be s(r). Suppose -n*p + 1242 + 468 = 0. List the prime factors of p.
2, 5, 19
Let b(g) = -10 + 12*g - 28 - 9*g - 1. List the prime factors of b(23).
2, 3, 5
Let o(f) = 3*f - 12. Let i(p) = -2*p + 12. Let n = 16 + -22. Let c(v) = n*i(v) - 7*o(v). List the prime factors of c(-5).
3, 19
Let w(r) = -7*r**3 + 28*r**2 + 11 + 3*r + 18 - 4*r + 8*r**3. What are the prime factors of w(-27)?
5, 157
Suppose 328 = -2*x + o, -x + 4*o - 84 = 87. Let q = 182 - x. List the prime factors of q.
3, 5, 23
Suppose c - 626 = 5*s - c, 0 = -3*s + 3*c - 372. Let b = 185 - s. List the prime factors of b.
311
Let v = -6755 - -13035. List the prime factors of v.
2, 5, 157
List the prime factors of (-6)/(-2) + 1/(678584/(-84824) + 8).
2, 5303
Suppose 48 = 2*c + 800. Let v = -190 - c. What are the prime factors of v?
2, 3, 31
Suppose -55 + 74 = a. Suppose -a = -l + 4*n, 0*l = -5*l - 3*n + 141. Suppose 4*z - 321 = l. What are the prime factors of z?
3, 29
Suppose 11*d - 7*d + 8*d = 0. Let z(p) = -9*p + 150. What are the prime factors of z(d)?
2, 3, 5
Let d = -24 - -24. Let h(i) = -4*i**2 + 4*i - 43. Let w(z) = -z**2 + z + 1. Let l(q) = -h(q) + 2*w(q). What are the prime factors of l(d)?
3, 5
Let l(x) = 2*x + 34. Let w be l(-20). Let t(z) = 4*z - 11. Let a be t(w). Let b = -28 - a. What are the prime factors of b?
7
Let w = -16 + 764. Suppose w = 4*o - 15*o. Let y = o + 138. List the prime factors of y.
2, 5, 7
Let b(g) = 3*g**2 - 9*g + 2790. What are the prime factors of b(0)?
2, 3, 5, 31
Suppose 5*k + 623 = 4*h, -3*h = -8*h - 5*k + 790. Suppose -5*i = -t + 75, -i = 2*t - 4*i - h. What are the prime factors of (-2)/24*-15*t?
2, 5
Suppose -9*t + 658 - 1596 = 5*t. Let c(p) = -49*p + 3. Let s be c(2). Let l = t - s. List the prime factors of l.
2, 7
Suppose -16 = 4*g - 28. Suppose g + 88 = -7*d. Let p(s) = s + 18. List the prime factors of p(d).
5
Suppose -9*n + 12*n - 15 = 0. Suppose -5*w = n*t - 20, 0*w - t = 2*w - 6. Suppose 0 = -5*z + 2*l + 434, -w*l + 0*l - 4 = 0. What are the prime factors of z?
2, 43
Let u(z) = 2*z + 4. Let c(q) = -2*q - 5. Let o be (-160)/(-26) - (-3 - (-82)/26). Let d(y) = o*c(y) + 4*u(y). What are the prime factors of d(-4)?
2
Let m = 7 + -2. Suppose 3*f + 774 = 2*c - 2*f, m*c - 3*f - 1954 = 0. List the prime factors of c.
2, 7
Let z = 773 + -780. What are the prime factors of (2/(-4))/(z/6440)?
2, 5, 23
Suppose 3*k = -24, 35*b + 2*k = 37*b - 109146. List the prime factors of b.
5, 7, 1559
Let l(f) = -f**3 + 6*f**2 + 10*f + 3. Suppose t - 5*i = -2*i + 14, -5*i = -2*t + 25. Let x be l(t). What are the prime factors of -12 + x + (0 - 0)?
2, 3, 11
Let x(f) be the third derivative of f**6/360 + f**4/24 + 5*f**3/2 + 30*f**2. Let g(y) be the first derivative of x(y). List the prime factors of g(4).
17
Suppose -34*p + 42862 + 18644 = 0. Let q = p + -1064. What are the prime factors of q?
5, 149
Let u be 4070/35 - (-2)/(-7). Suppose u*y = 121*y - 600. List the prime factors of y.
2, 3, 5
Suppose 80 = -16*c + 20*c. Suppose 3*s - c = -5*j - 2*s, 4 = -4*s. Suppose o + 0*q = q + 51, -q + 279 = j*o. What are the prime factors of o?
5, 11
Suppose -h + 3*i - 7*i = 18, 3*i = -15. Suppose -5*q + 12 = r, r = h*q - 0*r - 9. Suppose -f = q*d + 2*f - 282, 490 = 5*d + f. What are the prime factors of d?
3, 11
Suppose 75 + 181 = 8*u. Suppose 28*f - 24*f = u. Suppose -4*i + 4*g = -160, 0 = -f*i + 3*i + 2*g + 185. List the prime factors of i.
5, 7
Let a = 53116 + -14159. What are the prime factors of a?
163, 239
Let q(k) = -9*k**3 + 7. Let u = 138 + -141. List the prime factors of q(u).
2, 5
Suppose 0 = 5*o + 3151 - 491. Let t = -175 - o. What are the prime factors of t?
3, 7, 17
Let c be (2/4 - (-3)/(-2)) + 20. Suppose 